{"id":168,"date":"2018-09-27T16:41:12","date_gmt":"2018-09-27T14:41:12","guid":{"rendered":"https:\/\/vfa-architekten.de\/staging\/?post_type=portfolio&#038;p=168"},"modified":"2021-12-16T14:30:32","modified_gmt":"2021-12-16T13:30:32","slug":"schueco-3","status":"publish","type":"portfolio","link":"https:\/\/vfa-architekten.de\/staging\/portfolio\/schueco-3\/","title":{"rendered":"Sch\u00fcco"},"content":{"rendered":"<div id=\"modal-ready\"><h2>Sch\u00fcco \u2013 Systeml\u00f6sungen f\u00fcr Fenster, T\u00fcren und Fassaden<\/h2>\n<p>Die Sch\u00fcco Gruppe mit Hauptsitz in Bielefeld entwickelt und vertreibt Systeml\u00f6sungen f\u00fcr Fenster, T\u00fcren und Fassaden. Mit weltweit \u00fcber 4.900 Mitarbeitern arbeitet das Unternehmen daran, heute und in Zukunft Technologie- und Servicef\u00fchrer der Branche zu sein. Neben innovativen Produkten f\u00fcr Wohn- und Arbeitsgeb\u00e4ude bietet der Geb\u00e4udeh\u00fcllenspezialist Beratung und digitale L\u00f6sungen f\u00fcr alle Phasen eines Bauprojektes \u2013 von der initialen Idee \u00fcber die Planung und Fertigung bis hin zur Montage.<\/p>\n<p><strong>Ansprechpartner<\/strong><br \/>\nSch\u00fcco International KG<br \/>\nHerrn Michael Jakob<br \/>\nKaistra\u00dfe 2<br \/>\n40221 D\u00fcsseldorf<br \/>\nMobil +49 160 2740993<br \/>\n<a href=\"mailto:mjakob@schueco.com\">mjakob@schueco.com<\/a><br \/>\n<a href=\"https:\/\/www.schueco.com\" target=\"_blank\" rel=\"noopener\">www.schueco.com<\/a><\/p>\n<\/div>","protected":false},"excerpt":{"rendered":"<p>Sch\u00fcco \u2013 Systeml\u00f6sungen f\u00fcr Fenster, T\u00fcren und Fassaden Die Sch\u00fcco Gruppe mit Hauptsitz in Bielefeld entwickelt und vertreibt Systeml\u00f6sungen f\u00fcr [&hellip;]<\/p>\n","protected":false},"author":295,"featured_media":191,"parent":0,"menu_order":0,"comment_status":"open","ping_status":"closed","template":"","meta":{"_gspb_post_css":"","_jf_save_progress":"","footnotes":""},"portfolio_category":[10],"class_list":["post-168","portfolio","type-portfolio","status-publish","has-post-thumbnail","hentry","portfolio_category-foerdermitglieder"],"publishpress_future_workflow_manual_trigger":{"enabledWorkflows":[]},"_links":{"self":[{"href":"https:\/\/vfa-architekten.de\/staging\/wp-json\/wp\/v2\/portfolio\/168"}],"collection":[{"href":"https:\/\/vfa-architekten.de\/staging\/wp-json\/wp\/v2\/portfolio"}],"about":[{"href":"https:\/\/vfa-architekten.de\/staging\/wp-json\/wp\/v2\/types\/portfolio"}],"author":[{"embeddable":true,"href":"https:\/\/vfa-architekten.de\/staging\/wp-json\/wp\/v2\/users\/295"}],"replies":[{"embeddable":true,"href":"https:\/\/vfa-architekten.de\/staging\/wp-json\/wp\/v2\/comments?post=168"}],"version-history":[{"count":2,"href":"https:\/\/vfa-architekten.de\/staging\/wp-json\/wp\/v2\/portfolio\/168\/revisions"}],"predecessor-version":[{"id":3785,"href":"https:\/\/vfa-architekten.de\/staging\/wp-json\/wp\/v2\/portfolio\/168\/revisions\/3785"}],"wp:featuredmedia":[{"embeddable":true,"href":"https:\/\/vfa-architekten.de\/staging\/wp-json\/wp\/v2\/media\/191"}],"wp:attachment":[{"href":"https:\/\/vfa-architekten.de\/staging\/wp-json\/wp\/v2\/media?parent=168"}],"wp:term":[{"taxonomy":"portfolio_category","embeddable":true,"href":"https:\/\/vfa-architekten.de\/staging\/wp-json\/wp\/v2\/portfolio_category?post=168"}],"curies":[{"name":"wp","href":"https:\/\/api.w.org\/{rel}","templated":true}]}}

Schüco

<div id="modal-ready"><h2>Schüco – Systemlösungen für Fenster, Türen und Fassaden</h2>
<p>Die Schüco Gruppe mit Hauptsitz in Bielefeld entwickelt und vertreibt Systemlösungen für Fenster, Türen und Fassaden. Mit weltweit über 4.900 Mitarbeitern arbeitet das Unternehmen daran, heute und in Zukunft Technologie- und Serviceführer der Branche zu sein. Neben innovativen Produkten für Wohn- und Arbeitsgebäude bietet der Gebäudehüllenspezialist Beratung und digitale Lösungen für alle Phasen eines Bauprojektes – von der initialen Idee über die Planung und Fertigung bis hin zur Montage.</p>
<p><strong>Ansprechpartner</strong><br />
Schüco International KG<br />
Herrn Michael Jakob<br />
Kaistraße 2<br />
40221 Düsseldorf<br />
Mobil +49 160 2740993<br />
<a href="mailto:mjakob@schueco.com">mjakob@schueco.com</a><br />
<a href="https://www.schueco.com" target="_blank" rel="noopener">www.schueco.com</a></p>
</div>

<p>Schüco – Systemlösungen für Fenster, Türen und Fassaden Die Schüco Gruppe mit Hauptsitz in Bielefeld entwickelt und vertreibt Systemlösungen für [&hellip;]</p>
